32. What is the remainder when h is divided by l?
11
Let r = -94 - -146. What is the remainder when r is divided by 20?
12
Let u(x) = -2*x - 2. Suppose -5*n + 9 = -1. Suppose o = -2*b - 1, 0 = o + n*o - 4*b - 37. What is the remainder when u(-7) is divided by o?
5
Let c(d) = -2*d + 3. Let o(s) = s**2 + 3*s - 2. Let z = -5 - -8. Let f(r) = z*c(r) + 4*o(r). Calculate the remainder when f(-4) is divided by 11.
8
Suppose 3*x = -0*x + 150. Calculate the remainder when x is divided by 17.
16
Let a(v) = v**2 - 7*v - 6. Let p be a(10). Let y = p - 7. What is the remainder when y is divided by 10?
7
Suppose 7 = -5*k + 3*g + 41, 0 = 4*k + 2*g - 14. Let i be k + (2 - (6 + -3)). Let n(s) = 5*s - 1. What is the remainder when n(i) is divided by 7?
5
Suppose -2*w - 2 = -0. Let d = w - -6. What is the remainder when 14 is divided by d?
4
Suppose -6*d + 3*d - 27 = 0. Let c(r) = -r - 2. Calculate the remainder when 27 is divided by c(d).
6
Let p(m) = -6*m - 7. Suppose 4*n = -0*n + 20. Suppose -n*l + 48 = -l. What is the remainder when p(-5) is divided by l?
11
Suppose 2*i + 0*i = 0, -3*c + 303 = 3*i. Calculate the remainder when c is divided by 17.
16
Let f(v) = v + 2. Let j be f(-4). What is the remainder when 9 is divided by 5 + j + 2 - 2?
0
Suppose 3*v - v = -x + 46, -5*x - 5*v + 210 = 0. What is the remainder when x is divided by 13?
12
Let c(a) = -a + 26. Let t = 2 - 2. Suppose 2*y - 2*f - 18 = t, y + 0 = 3*f + 13. What is the remainder when c(15) is divided by y?
4
Let w be 2*(-2)/4 + 23. Let m = w + -8. What is the remainder when 35 is divided by m - (2 - 0/(-2))?
11
Let x(t) = 12*t + 1. Let f be x(5). Let k = f - 29. Calculate the remainder when k is divided by 17.
15
Let v(m) = -2*m**2 + 5*m + 4. Let h(x) = -x**2 + 4*x + 3. Let n(s) = 4*h(s) - 3*v(s). What is the remainder when n(-2) is divided by 2?
0
Suppose 6 = -4*b + 26. Let d(u) = 3*u**3 + u - 1. What is the remainder when b is divided by d(1)?
2
Suppose 172 = -11*k + 1063. Calculate the remainder when k is divided by 23.
12
Let d = 15 - 8. Suppose 0*l = 2*l. Suppose l*w - 4*w + 4*a = -88, -3*w + 5*a = -72. What is the remainder when w is divided by d?
5
Let h = -9 - -12. Calculate the remainder when (-2 + h)/((-2)/(-14)) is divided by 4.
3
Let p be 1*1/((-2)/36). Let o = p + 27. Calculate the remainder when o is divided by 3.
0
Let m(z) = z**3 - 10*z**2 + 19*z + 5. Calculate the remainder when m(8) is divided by 18.
11
Suppose -80 = -5*h - y, 0 = -3*h + y + 21 + 19. What is the remainder when 40 is divided by h?
10
Let x(p) = p**3 - 3*p**2 + p - 18. What is the remainder when x(6) is divided by 33?
30
Suppose 3*y - 5*a = 50, 16 = 2*y - y - 2*a. Suppose 0*x - y = -5*x. Calculate the remainder when 6 is divided by x.
2
Suppose t - 5*g - 80 = -0*t, 0 = -3*t + 4*g + 185. Calculate the remainder when t is divided by 14.
13
Calculate the remainder when 137 is divided by (-4)/((-399)/(-147) + 1 + -4).
11
Let j(l) = 12*l - 2. Let i be j(-1). Let y = 3 - i. Calculate the remainder when y is divided by 9.
8
Suppose 0 = -2*b + 5*b + 36. Calculate the remainder when 42 is divided by 107/7 + b/42.
12
Let t be 4/30 + 958/15. Let h = t + -29. What is the remainder when h is divided by 18?
17
Let w = -34 + 86. Let p = 73 - w. What is the remainder when p is divided by 8?
5
Let m(t) = t**2 + t + 2. Let h be m(-2). What is the remainder when 22 is divided by 3 - h - (-8 - 1)?
6
Let r(v) = 2*v - 2. Suppose 0 = 5*i - 2 - 13. Let s be r(i). Suppose 38 = s*k - 3*w, 2 = -3*k - w + 37. What is the remainder when k is divided by 6?
5
Let o(b) = -b**2 - 3*b. Let j be o(-3). What is the remainder when (-5)/(2/(-8) + j) is divided by ((-20)/250*5)/(4/(-110))?
9
What is the remainder when (-543)/(-3 + (-2 - -2)) is divided by 46?
43
Suppose 3*i + 0*k + 4 = 2*k, i - 3*k + 13 = 0. Suppose 0 = 4*v + 24 - 28. What is the remainder when i is divided by v?
0
Suppose 3*d + 1 = 2*m - 14, -4*m - 3*d = 15. Suppose m = -l + 2. Let q(p) = 2*p**3 - 4*p**2 + 4*p - 3. Calculate the remainder when q(l) is divided by 2.
1
Suppose 44 = 4*v + 3*c, -2*v = -c + 6 - 28. Let w = -11 - -18. Calculate the remainder when v is divided by w.
4
Let w be -3 + 1 + (1 - -11). Suppose -3*d = -5*d - 4*v + w, -d = 4*v - 5. Let f = 68 - 60. Calculate the remainder when f is divided by d.
3
Suppose 9*t - 4*t + 4*a - 199 = 0, -2*t + 82 = 4*a. Let l(j) = -j**3 + 21*j**2 - 2*j + 52. Calculate the remainder when t is divided by l(21).
9
Let m be (15/9)/((-2)/(-6)). Let p be (m - 1) + (-21)/(-7). Let s = 6 + p. Calculate the remainder when 24 is divided by s.
11
Let v = -154 - -341. Calculate the remainder when v is divided by 21.
19
What is the remainder when 124 is divided by 552/30 + (-6)/15?
16
Suppose -4*s + 5 = -3. Suppose -s*r - 5*n + 47 = 0, 3*r - 25 = -3*n + 32. What is the remainder when 31 is divided by r?
15
Let s = -18 + 42. What is the remainder when 70 is divided by s?
22
Let a = -5 + 18. Calculate the remainder when a is divided by 7.
6
Suppose -2*t = -0 - 146. Let c = t + -44. What is the remainder when c is divided by 16?
13
Suppose -4*f - 75 = -255. Calculate the remainder when f is divided by 25.
20
Let p(s) = -s**3 - 6*s**2 + 4*s - 8. Suppose 2*z = -2*x - 12, -x + z = -z + 9. What is the remainder when 51 is divided by p(x)?
12
Suppose 3*h - 20 = 22. Let k(j) = j**2 + 3*j. What is the remainder when k(5) is divided by h?
12
Suppose -7 - 1 = -4*l. Calculate the remainder when ((-3)/l)/((-4)/88) is divided by 12.
9
Let v = -22 - -42. What is the remainder when 39 is divided by v?
19
Suppose 0 = 3*p - 2*p - 3*x - 26, -3*p = 3*x - 30. What is the remainder when 26 is divided by p?
12
Suppose -3*f = -k - k + 5, f + 3 = 0. Let h = 9 - k. Suppose -122 = -m - 3*m + 3*g, 0 = 4*m + g - 130. Calculate the remainder when m is divided by h.
10
Let r = 0 - -261. Suppose -5*y - 11 = -r. Calculate the remainder when y is divided by 26.
24
Let f be 3/((-1 - -2)/(-1)). Let h = f + 21. Suppose -2*x - 2*x + 140 = 0. What is the remainder when x is divided by h?
17
Suppose -2 = 2*k, -k - 41 = -4*u + 20. Calculate the remainder when u is divided by 8.
7
Let b(l) = l**2 + 5*l + 15. Calculate the remainder when b(-7) is divided by 16.
13
Let d(t) = -3*t - 26. What is the remainder when d(-13) is divided by 4?
1
Suppose -15*t = -18*t + 84. Calculate the remainder when t is divided by 15.
13
Let y = 53 + -8. What is the remainder when y is divided by 25?
20
Let v(x) = -5*x**2 + x - 1. Let z be v(1). Let q = 1 + z. Calculate the remainder when 24 is divided by ((-4)/q)/((-1)/(-9)).
6
Suppose -90 = -3*l - 2*l. Suppose -19*y = -17*y - 102. Calculate the remainder when y is divided by l.
15
Let y be 16 + -14 - (1 - 53). Suppose -d = 2*d - y. Calculate the remainder when d is divided by 10.
8
Let v(d) = d**3 - 6*d**2 + 2*d - 8. Let j be v(6). Suppose 2*i + 3*g = 22, j*g - 21 = 4*i - 5*i. Calculate the remainder when 18 is divided by i.
3
Suppose p + 4 = 4*v - 2, -4*p + 12 = 2*v. Suppose -v*b + b + 2 = 0. Calculate the remainder when 10 is divided by 1/((-1)/(b*-3)).
4
Calculate the remainder when 12 is divided by 1*(1 - 2) - -6.
2
Suppose -2*h + 35 + 7 = 0. Calculate the remainder when h is divided by 13.
8
Let c = -6 + 19. Calculate the remainder when 38 is divided by c.
12
Let i be (-5)/15*-1*6. Let x(s) = 10*s + 2. Calculate the remainder when x(i) is divided by -10*-4*3/15.
6
Suppose -4*i = 5*f - 30, 3*i - 8 = 7. Suppose -1 = 3*n + 2*j - 7, 0 = n + 3*j - f. What is the remainder when n is divided by 1?
0
Let i be ((-6)/(-8))/((-10)/(-80)). What is the remainder when 28 is divided by (-64)/(-6) + i/(-9)?
8
Suppose -4*a = -a - 201. Let v(l) = -10*l - 3. Calculate the remainder when a is divided by v(-2).
16
Let n be (-6)/(-30) + (-28)/(-10). Suppose -5*i = n*s - s + 4, 3*i = 2*s - 12. What is the remainder when 10 is divided by s?
1
Suppose l - 13 = 2*a + 23, 3*a + 123 = 3*l. Suppose -g - 5*h + l = -4*h, -3*h = 5*g - 220. What is the remainder when g is divided by 11?
8
Let x = 231 + -218. Calculate the remainder when 46 is divided by x.
7
Let i = 177 - 156. Calculate the remainder when 39 is divided by i.
18
Let t = 0 + 64. Calculate the remainder when t is divided by 17.
13
Let f(m) = -m - 3. Let g be f(-6). What is the remainder when (-1)/(g/(-40))*3 is divided by 